when 24149 is divided by 709?
43
Calculate the remainder when 168282 is divided by 17.
16
What is the remainder when 76664 is divided by 25552?
8
Calculate the remainder when 47927 is divided by 242.
11
Calculate the remainder when 103785 is divided by 18.
15
What is the remainder when 806 is divided by 85?
41
What is the remainder when 637111 is divided by 124?
123
Calculate the remainder when 215111 is divided by 45.
11
What is the remainder when 6215 is divided by 25?
15
What is the remainder when 980 is divided by 109?
108
Calculate the remainder when 10934 is divided by 229.
171
Calculate the remainder when 4957 is divided by 537.
124
Calculate the remainder when 24953 is divided by 141.
137
Calculate the remainder when 7986 is divided by 49.
48
What is the remainder when 72139 is divided by 173?
171
Calculate the remainder when 72151 is divided by 42.
37
What is the remainder when 275722 is divided by 23?
21
Calculate the remainder when 11241 is divided by 83.
36
What is the remainder when 3627243 is divided by 1279?
1278
What is the remainder when 7274 is divided by 76?
54
Calculate the remainder when 1622 is divided by 148.
142
Calculate the remainder when 66105 is divided by 16514.
49
Calculate the remainder when 11938 is divided by 249.
235
What is the remainder when 2145 is divided by 1049?
47
What is the remainder when 16427 is divided by 4089?
71
Calculate the remainder when 38855 is divided by 102.
95
Calculate the remainder when 215828 is divided by 565.
563
What is the remainder when 34664 is divided by 33?
14
What is the remainder when 11348 is divided by 2824?
52
What is the remainder when 44255 is divided by 35?
15
Calculate the remainder when 149090 is divided by 1506.
1502
What is the remainder when 200718 is divided by 259?
252
What is the remainder when 1078797 is divided by 348?
345
Calculate the remainder when 81399 is divided by 200.
199
What is the remainder when 1689 is divided by 112?
9
What is the remainder when 14828 is divided by 1236?
1232
Calculate the remainder when 83406 is divided by 104.
102
What is the remainder when 66581 is divided by 68?
9
What is the remainder when 1417 is divided by 278?
27
What is the remainder when 2940 is divided by 728?
28
What is the remainder when 4634 is divided by 64?
26
Calculate the remainder when 54772 is divided by 34.
32
Calculate the remainder when 4890 is divided by 1577.
159
What is the remainder when 81755 is divided by 9?
8
Calculate the remainder when 2112 is divided by 507.
84
Calculate the remainder when 1009 is divided by 241.
45
Calculate the remainder when 17154 is divided by 556.
474
Calculate the remainder when 9638 is divided by 941.
228
Calculate the remainder when 85691 is divided by 42794.
103
What is the remainder when 37520 is divided by 17?
1
Calculate the remainder when 159131 is divided by 23.
17
What is the remainder when 44674 is divided by 89?
85
What is the remainder when 83989 is divided by 13?
9
Calculate the remainder when 14200 is divided by 747.
7
What is the remainder when 30207 is divided by 19?
16
What is the remainder when 119809 is divided by 94?
53
Calculate the remainder when 4125 is divided by 4107.
18
Calculate the remainder when 253285 is divided by 50654.
15
What is the remainder when 18659 is divided by 2068?
47
Calculate the remainder when 4082 is divided by 89.
77
Calculate the remainder when 146501 is divided by 239.
233
Calculate the remainder when 23466 is divided by 36.
30
Calculate the remainder when 20009 is divided by 282.
269
What is the remainder when 3054 is divided by 259?
205
What is the remainder when 137977 is divided by 190?
37
Calculate the remainder when 460887 is divided by 20038.
13
What is the remainder when 24647 is divided by 24636?
11
Calculate the remainder when 4399 is divided by 2180.
39
What is the remainder when 115867 is divided by 304?
43
Calculate the remainder when 367640 is divided by 183808.
24
Calculate the remainder when 392 is divided by 54.
14
What is the remainder when 186687 is divided by 42?
39
What is the remainder when 3784 is divided by 39?
1
What is the remainder when 388681 is divided by 955?
951
Calculate the remainder when 1117 is divided by 1087.
30
Calculate the remainder when 669 is divided by 54.
21
Calculate the remainder when 103747 is divided by 17.
13
Calculate the remainder when 1357391 is divided by 634.
631
What is the remainder when 111830 is divided by 654?
650
What is the remainder when 5884 is divided by 1462?
36
Calculate the remainder when 32759 is divided by 256.
247
Calculate the remainder when 84644 is divided by 553.
35
What is the remainder when 61554 is divided by 30?
24
What is the remainder when 7743 is divided by 1662?
1095
What is the remainder when 6052 is divided by 551?
542
What is the remainder when 3603 is divided by 67?
52
Calculate the remainder when 52279 is divided by 10452.
19
Calculate the remainder when 748066 is divided by 34.
32
Calculate the remainder when 53152 is divided by 1043.
1002
What is the remainder when 1613 is divided by 1047?
566
Calculate the remainder when 5209 is divided by 2586.
37
What is the remainder when 1165 is divided by 59?
44
Calculate the remainder when 2282 is divided by 2221.
61
Calculate the remainder when 1416 is divided by 13.
12
What is the remainder when 28410 is divided by 1190?
1040
What is the remainder when 102759 is divided by 5704?
87
Calculate the remainder when 31284 is divided by 235.
29
What is the remainder when 968 is divided by 371?
226
Calculate the remainder when 15668 is divided by 163.
20
What is the remainder when 289215 is divided by 59?
56
What is the remainder when 337907 is divided by 139?
137
Calculate the remainder when 289077 is divided by 330.
327
Calculate the remainder when 23137 is divided by 542.
373
Calculate the remainder when 173785 is divided by 197.
31
Calculate the remainder when 6783 is divided by 966.
21
Calculate the remainder when 550 is divided by 46.
44
Calculate the remainder when 67721 is divided by 25.
21
Calculate the remainder when 26537 is divided by 8830.
47
Calculate the remainder when 94422 is divided by 3934.
6
What is the remainder when 13461 is divided by 1117?
57
Calculate the remainder when 16798 is divided by 3356.
18
Calculate the remainder when 155 is divided by 49.
8
Calculate the remainder when 8412 is divided by 1677.
27
Calculate the remainder when 65547 is divided by 146.
139
What is the remainder when 115446 is divided by 57711?
24
What is the remainder when 12515 is divided by 293?
209
Calculate the remainder when 15232 is divided by 277.
274
What is the remainder when 2674 is divided by 447?
439
Calculate the remainder when 1496 is divided by 739.
18
Calculate the remainder when 7020 is divided by 2188.
456
Calculate the remainder when 79956 is divided by 476.
464
Calculate the remainder when 52074 is divided by 28.
22
What is the remainder when 3626 is divided by 820?
346
What is the remainder when 4890 is divided by 697?
11
What is the remainder when 5707 is divided by 5667?
40
Calculate the remainder when 7907 is divided by 270.
77
Calculate the remainder when 4210 is divided by 1343.
181
What is the remainder when 9846 is divided by 9688?
158
Calculate the remainder when 4852678 is divided by 70.
68
What is the remainder when 1286194 is divided by 20?
14
What is the remainder when 102819 is divided by 15?
9
What is the remainder when 12947 is divided by 78?
77
What is the remainder when 3799 is divided by 1249?
52
Calculate the remainder when 5310 is divided by 175.
60
Calculate the remainder when 81932 is divided by 6827.
8
What is the remainder when 83490 is divided by 150?
90
Calculate the remainder when 40377 is divided by 1032.
129
What is the remainder when 66135 is divided by 66129?
6
What is the remainder when 209939 is divided by 5248?
19
Calculate the remainder when 147737 is divided by 29541.
32
Calculate the remainder when 7015 is divided by 3461.
93
Calculate the remainder when 2275 is divided by 22.
9
Calculate the remainder when 800262 is divided by 22.
12
What is the remainder when 63452 is divided by 259?
256
What is the remainder when 4518 is divided by 1376?
390
What is the remainder when 6599 is divided by 652?
7